354. Let m be (12/u)/(2/14). Let b be 30/9 + m/(-6). What is the greatest common factor of b and 33?
3
Suppose 3*y = 4*f - 15, 5*f = 3*y - 7*y + 11. What is the highest common divisor of f and 21?
3
Let t be 0/(-3) + 2 - 1. Let y be (57 - (t - -2)) + 2. Suppose -y = g - 3*g. What is the greatest common divisor of 14 and g?
14
Let d(g) = 8*g**3 - g - 1. Let v be d(-1). Let f be -4*(-7)/v*-2. What is the highest common divisor of f and 7?
7
Suppose 0 = 2*g - 5*d - 42, -3*g - 2*d + 63 = -5*d. What is the highest common divisor of g and 14?
7
Let m be ((-15)/20)/(2/(-56)). Calculate the highest common divisor of 42 and m.
21
Let u = 133 + -65. What is the greatest common divisor of 17 and u?
17
Let g be 2*(-1 + 24)/(4/2). Calculate the highest common divisor of g and 46.
23
Let m = -31 + 36. What is the greatest common factor of m and 1?
1
Suppose -3*d + 28 = -20. Let p(a) = a + 15. Let f be p(-7). Calculate the highest common factor of d and f.
8
Suppose -2*m + 24 = 5*q - 4*m, 3*q + 4*m = 30. Calculate the highest common divisor of q and 6.
6
Let l(z) = -z + 1. Let d be l(-2). What is the greatest common factor of d and 27?
3
Let s be 15/(-6)*-64*(-5 - -6). Calculate the greatest common factor of s and 32.
32
Suppose -3*z - 190 = -5*w + 2*z, 3*w - 2*z - 118 = 0. Suppose -2*u - 5*n + 151 = 0, -2*u + 141 = 3*n - 0*n. What is the highest common factor of u and w?
21
Let m(x) = 9*x**2 - 2*x**2 + 4*x - 3 + 2. Let o be m(-3). Let g be 1*(-40)/(1 - 3). Calculate the highest common factor of g and o.
10
Suppose -2*j - a - 3 = -12, 5*j = -5*a + 25. Let m be (-3)/6*2 + -1. Let v be 52/14 + m/(-7). What is the highest common factor of j and v?
4
Let r(g) = 2*g - 5. Let m be r(5). Let a(h) = 3*h**2 + 3*h - 2. Let s be a(4). Let i = s + -23. Calculate the highest common factor of m and i.
5
Let j be (-3 - -2)/(9/(-63)). Let k be (-2)/8 - 226/(-8). Calculate the highest common divisor of j and k.
7
Let d(z) = z + 7. Let c be d(-5). Suppose 2*w + 192 = 4*h, h - c*w + w = 48. Let v = h + -34. Calculate the greatest common divisor of 14 and v.
14
Suppose -2*j = 2*n + n - 75, j = 2*n + 48. Calculate the greatest common divisor of 6 and j.
6
Let y(j) be the second derivative of j**3 - 4*j**2 - 2*j. Let t be y(6). Let l be (1 - t)*2/(-6). What is the highest common divisor of 18 and l?
9
Suppose 0 = -5*y - 42 + 222. What is the greatest common divisor of y and 18?
18
Let t(k) = k**2 + 30*k - 19. Let u be t(-31). Let z(l) = -8*l. Let x be z(-1). Calculate the greatest common divisor of u and x.
4
Let f(p) = -p**3 + 19*p**2 + 22*p - 22. Let b be f(20). What is the greatest common divisor of b and 3?
3
Let c = -77 - -91. Suppose 4*s = 6*s - 308. What is the greatest common divisor of c and s?
14
Let b be (-493)/(-11) + (-4)/(-22). Suppose m - 3*m = -5*h + 49, 11 = h - m. Calculate the greatest common divisor of h and b.
9
Let b be (35 + -32)*10/3. Let d(s) = s**2 + 3*s. Let v be d(5). What is the greatest common factor of v and b?
10
Suppose -2*x - o + 7 = -2*o, -2*o = 2*x - 10. Suppose 0 = -x*p - 2*u + 79 - 3, -10 = -5*u. Calculate the greatest common factor of 198 and p.
18
Let v(q) = q**3 + 12*q**2 + 2*q - 4. Let g be v(-6). What is the greatest common divisor of 25 and g?
25
Let a(d) = d**3 - 4*d**2 - 5*d - 10. Let l be a(6). What is the highest common divisor of l and 224?
32
Suppose c + 304 = 2*r + 2*c, 2*r - 298 = -4*c. Calculate the greatest common factor of 17 and r.
17
Suppose -5*b = 2*k - 2*b - 7, -4*b - 4 = 0. Calculate the greatest common divisor of k and 10.
5
Let h = 465 - 318. Suppose 92*a - 294 = 78*a. What is the greatest common divisor of a and h?
21
Let j = -3 + 4. Let b be (-2)/(-3)*(2 + j). Let g be -1*(-142)/b + 1. What is the highest common divisor of g and 8?
8
Let n be (-3)/(0 - 3) + 14. What is the highest common factor of n and 5?
5
Let d be 29/9 + 16/(-72). Suppose -d*o = -6*o + 120. Calculate the highest common factor of o and 100.
20
Let c be (1 - (-2)/(-4))/((-2)/(-20)). What is the greatest common factor of 40 and c?
5
Let c = 12 + -10. Let a be (-2)/(-3) + 28/3. What is the highest common divisor of c and a?
2
Let v(c) = -c**3 + 3*c**2 + 3*c + 2. Suppose -t = 3*a - 2*a + 5, -5*t = 3*a + 5. Let g = -7 - a. Let x be v(g). What is the greatest common divisor of x and 1?
1
Let r(q) = 2*q + 16. Let y be r(-7). Suppose -2*h = -n - 11, -4*h + 5*h + y*n = 18. What is the highest common divisor of 8 and h?
8
Let u be -2*(-223 - -1)/3. Suppose 4*j - u = 112. Let v be 385/15 + (-1)/(-3). What is the highest common factor of j and v?
13
Let v be 8/(-6)*(-45)/(-6). Let n be 6 - (-1 - -4) - v. Calculate the highest common factor of 143 and n.
13
Suppose 2*b - 64 = -8. Suppose -2*a + 4*q + 15 + 1 = 0, a + 5*q - 29 = 0. What is the greatest common divisor of a and b?
14
Let j = -20 - -28. What is the greatest common factor of 8 and j?
8
Let r = -30 - -56. Let a be 2/(-4) - 18/(-4). Suppose a*o + 50 = 310. Calculate the greatest common divisor of o and r.
13
Let k be 3/(-1)*136/(-2). Let l be ((-244)/3)/(6/(-27)). Let b = l - k. What is the highest common factor of 18 and b?
18
Let d(u) = u**2 + 14*u + 19. Let w be d(-13). Suppose 0*t - 2*t + 108 = 0. Calculate the greatest common divisor of t and w.
6
Let c(b) = -b**3 + 5*b**2 - b. Let w be c(5). Let n = w - -8. What is the greatest common factor of 3 and n?
3
Suppose 95 = -5*c + 335. What is the highest common divisor of 36 and c?
12
Suppose -2*y - 45 = -5*y. Let h be ((-20)/(-24)*16)/((-2)/(-9)). What is the greatest common factor of y and h?
15
Suppose 2*t - 3 - 35 = 0. Let l = t - 12. What is the highest common divisor of l and 7?
7
Suppose 4*m + 2*a - 3*a = 790, -4*m - 4*a = -800. What is the greatest common factor of m and 18?
18
Suppose 2*f + 8 - 33 = -5*d, -2*d - 2*f + 4 = 0. What is the greatest common divisor of 70 and d?
7
Suppose 0 = -2*y + 7*y - 4*z - 107, 4 = 2*z. What is the highest common factor of 184 and y?
23
Let g(n) = -n**2 + 2*n + 9. Let u be g(3). What is the greatest common factor of 12 and u?
6
Suppose -17 = -7*s + 18. Calculate the highest common factor of s and 5.
5
Let l(o) = -o**3 - 3*o**2 + 5*o + 12. Let h be l(-6). Let u = 5 - -5. Calculate the highest common factor of h and u.
10
Let u be (15/10)/((-12)/(-688)). Calculate the greatest common factor of 43 and u.
43
Let c be ((-39)/3 - -2)*-1. What is the highest common divisor of c and 33?
11
Suppose -2*b + 6 = 0, 3*b = 2*d - 46 - 55. Let z = -3 + -30. Let i be (z/(-6))/((-1)/(-4)). What is the greatest common factor of d and i?
11
Let m = -10 - -15. Let n(a) be the first derivative of 5*a**2/2 - 1. Let d be n(3). What is the highest common divisor of m and d?
5
Suppose 0*y - 5*y + 40 = 0. Let v(r) = r**2 - r - 6. Let o be v(6). Calculate the greatest common factor of y and o.
8
Let t(d) = -d - 9. Let f be t(-14). Let n(x) = -x**2 + 6*x + 12. Let r be n(9). Let s be 6/r - (-62)/f. Calculate the highest common divisor of s and 60.
12
Suppose -5*c + 5 = -45. Calculate the highest common divisor of c and 110.
10
Let w = 16 + -11. Let x(u) = 5*u - w*u - 4*u - 5*u. Let s be x(-4). What is the highest common factor of s and 24?
12
Let x = 75 - 54. Let a = -13 + 27. Calculate the greatest common divisor of a and x.
7
Suppose 2*j = 25 + 17. Calculate the highest common divisor of 7 and j.
7
Suppose -5*b + q + 154 + 14 = 0, b = -3*q + 24. Calculate the highest common divisor of 11 and b.
11
Let v(f) = 55*f - 10. Suppose 0 = s - 5*r - 4, -2*r + 6 = s + 2. Let k be v(s). What is the greatest common factor of k and 21?
21
Let g(o) = -o + o**2 - 2*o + o - 1 + 2. Let j be (-1 + 4)*14/(-6). Let m be g(j). Calculate the highest common factor of 8 and m.
8
Let i(r) = 119*r - 7. Let v be i(2). What is the greatest common divisor of v and 21?
21
Let d(c) = -c - 1. Let q be d(6). Let j = q + 29. Calculate the greatest common divisor of 66 and j.
22
Let r be 7 - -1 - (1/1 + 0). Calculate the highest common divisor of 77 and r.
7
Let m = 29 + -109. Let f = m - -134. Let j(o) = o**2 + o. Let w be j(-3). What is the greatest common factor of f and w?
6
Let f(z) = z**3 + 6*z**2 - 9*z - 10. Let s be f(-7). Suppose t - s = 5. Calculate the greatest common divisor of 18 and t.
9
Let q = -5 - -7. Suppose -4*u + 84 = 3*j, -7*u + q*u + j = -124. 